{"id":1641,"date":"2024-03-05T12:41:42","date_gmt":"2024-03-05T12:41:42","guid":{"rendered":"http:\/\/saicex.org\/?page_id=1641"},"modified":"2024-03-05T12:52:52","modified_gmt":"2024-03-05T12:52:52","slug":"consejo-para-alergicos-a-veneno-himenopteros","status":"publish","type":"page","link":"https:\/\/saicex.org\/?page_id=1641","title":{"rendered":"Consejo para al\u00e9rgicos a veneno himen\u00f3pteros"},"content":{"rendered":"\t\t<div data-elementor-type=\"wp-page\" data-elementor-id=\"1641\" class=\"elementor elementor-1641\">\n\t\t\t\t<div class=\"elementor-element elementor-element-fbc3ae7 e-flex e-con-boxed e-con e-parent\" data-id=\"fbc3ae7\" data-element_type=\"container\" data-settings=\"{&quot;content_width&quot;:&quot;boxed&quot;}\" data-core-v316-plus=\"true\">\n\t\t\t\t\t<div class=\"e-con-inner\">\n\t\t<div class=\"elementor-element elementor-element-e023053 e-con-full e-flex e-con e-child\" data-id=\"e023053\" data-element_type=\"container\" data-settings=\"{&quot;content_width&quot;:&quot;full&quot;}\">\n\t\t\t\t<div class=\"elementor-element elementor-element-66f764d flex-horizontal-align-default flex-horizontal-align-tablet-default flex-horizontal-align-mobile-default flex-vertical-align-default flex-vertical-align-tablet-default flex-vertical-align-mobile-default elementor-widget elementor-widget-thegem-styled-textbox\" data-id=\"66f764d\" data-element_type=\"widget\" data-settings=\"{&quot;thegem_elementor_preset&quot;:&quot;basic&quot;}\" data-widget_type=\"thegem-styled-textbox.default\">\n\t\t\t\t<div class=\"elementor-widget-container\">\n\t\t\t\n<div class=\"gem-textbox styled-textbox-basic\">\n\n\t\n\t\t<div class=\"gem-textbox-top gem-textbox-top-none default-fill\">\n\t\t\t\t\t<\/div>\n\t\n\t<div class=\"gem-textbox-inner\">\n\n\t\t<div class=\"gem-textbox-content default-background icon-top gem-textbox-icon-image-wrapping-none\">\n\n\t\t\t\t\t\t\t<div class=\"gem-texbox-icon-image-wrapper\">\n\n\t\t\t\t\t\t\t\t\t\t\t<div class=\"icon-top \">\n\t\t\t\t\t\t\t<div class=\"gem-textbox-icon\">\n\t\t\t\t\t\t\t\t<div class=\"elementor-icon\">\n\t\t\t\t\t\t\t\t\t\t\t\t\t\t\t\t\t<\/div>\n\t\t\t\t\t\t\t<\/div>\n\t\t\t\t\t\t<\/div>\n\t\t\t\t\t\n\t\t\t\t\t\n\t\t\t\t<\/div>\n\t\t\t\n\t\t\t<div class=\"gem-texbox-text-wrapper\">\n\n\t\t\t\t\t\t\t\t\t\n\t\t\t\t\t\n\t\t\t\t\t\t<div class=\"gem-textbox-description gem-text-output\">\n\t\t\t\t\t\t\t<p style=\"text-align: left\">El RIESGO de sufrir picaduras aumenta en VERANO.<\/p><ul><li style=\"text-align: left\">Evitar acercarse a c\u00famulos de basura, as\u00ed como a flores, arbustos o frutas almacenadas al aire libre.<\/li><li style=\"text-align: left\">Actuar con precauci\u00f3n al trabajar en corrales, en las excursiones campestres, camping y cualquier otra ac\u00adtividad al aire libre.<\/li><li style=\"text-align: left\">Calzar siempre zapatos en exteriores.<\/li><li style=\"text-align: left\">No utilizar ropas sueltas por las que puedan penetrar insectos. Estos son atra\u00eddos por los colores vivos y los motivos florales. Vestir ropas de colores oscuros o caqui; los tonos blanco y pastel tambi\u00e9n atraen a los insectos.<\/li><li style=\"text-align: left\">Evitar los perfumes, lociones, jabones, colonias y preparaciones para el cabello arom\u00e1ticos.<\/li><li style=\"text-align: left\">Comprobar si hay insectos en los veh\u00edculos al disponer\u00adse a conducir y mantener cerradas las ventanas.<\/li><li style=\"text-align: left\">No hacer movimientos r\u00e1pidos o bruscos ante los insec\u00adtos. La mayor\u00eda no pican a menos que sean provocados.<\/li><li style=\"text-align: left\">Todos los nidos o colmenas de la vecindad deben de ser eliminados por un desinsectador profesional y no por el pa\u00adciente sensible.<\/li><li style=\"text-align: left\">No confiar en los productos repelentes de insectos como medio de protecci\u00f3n.<\/li><li style=\"text-align: left\">Llevar en todo momento placa de identificaci\u00f3n.<\/li><li style=\"text-align: left\">Tener siempre a mano estuche de urgencia con Adrenalina, sobre todo en situaciones de mayor riesgo. Usted, sus familiares y amigos o compa\u00f1eros deben saber utilizarlo.<\/li><li style=\"text-align: left\">Si ha tenido una reacci\u00f3n grave y no est\u00e1 recibiendo tratamiento con inmunoterapia (\u201cvacuna\u201d), debe aplic\u00e1rsela inmediatamente despu\u00e9s de sufrir la picadura. Si ya se encuentra vacunado solo se la aplicar\u00e1 si tiene los s\u00edntomas.<\/li><li style=\"text-align: left\">La dosis para un adulto es de 0.5 ml por v\u00eda subcut\u00e1nea. Los ni\u00f1os deben recibir 0.1 ml por cada 10 kilos de peso. Estas dosis se pueden repetir cada 10-15 minutos 3 veces.<\/li><li style=\"text-align: left\">Buscar ayuda m\u00e9dica inmediatamente despu\u00e9s de adminis\u00adtrar el tratamiento de urgencia.<\/li><\/ul><p style=\"text-align: left\">RECUERDE:<\/p><p style=\"text-align: left\">Excepto cuando haya historia cardiol\u00f3gica, todos los pa\u00adcientes con historia de reacci\u00f3n sist\u00e9mica no protegidos con vacuna espec\u00edfica antiveneno deben ser tratados inmediatamente con adrenalina, se aprecie o no reacci\u00f3n tras la picadura. En los pacientes tratados con vacuna, la adrenalina s\u00f3lo se ad\u00administrar\u00e1 cuando exista una reacci\u00f3n clara.<\/p>\t\t\t\t\t\t<\/div>\n\n\t\t\t\t\t\n\t\t\t\t\n\t\t\t\t\n\t\t\t<\/div>\n\n\t\t<\/div>\n\n\t<\/div>\n\n\t\n\t\t<div class=\"gem-textbox-bottom gem-textbox-bottom-none default-fill\">\n\t\t\t\t<\/div>\n\t\n\t\n<\/div>\n\t\t<\/div>\n\t\t\t\t<\/div>\n\t\t\t\t<\/div>\n\t\t<div class=\"elementor-element elementor-element-2f66459 e-con-full e-flex e-con e-child\" data-id=\"2f66459\" data-element_type=\"container\" data-settings=\"{&quot;content_width&quot;:&quot;full&quot;}\">\n\t\t\t\t<div class=\"elementor-element elementor-element-0198dcc flex-horizontal-align-default flex-horizontal-align-tablet-default flex-horizontal-align-mobile-default flex-vertical-align-default flex-vertical-align-tablet-default flex-vertical-align-mobile-default elementor-widget elementor-widget-thegem-styledimage\" data-id=\"0198dcc\" data-element_type=\"widget\" data-settings=\"{&quot;image&quot;:{&quot;url&quot;:&quot;http:\\\/\\\/saicex.org\\\/wp-content\\\/uploads\\\/2024\\\/03\\\/veneno-de-himenoptero.jpg&quot;,&quot;id&quot;:1644,&quot;size&quot;:&quot;&quot;,&quot;alt&quot;:&quot;&quot;,&quot;source&quot;:&quot;library&quot;},&quot;thegem_elementor_preset&quot;:&quot;default&quot;}\" data-widget_type=\"thegem-styledimage.default\">\n\t\t\t\t<div class=\"elementor-widget-container\">\n\t\t\t\n<div class=\"styled-image-wrapper\">\n\t\t\t<div class=\"gem-image gem-wrapbox gem-wrapbox-default gem-wrapbox-position-left  \">\n\t\t\t<div class=\"gem-wrapbox-inner \" >\n\t\t\t\t\t\t\t\t\t<img decoding=\"async\" class=\"gem-wrapbox-element img-responsive \"\n\t\t\t\t\t\t src=\"https:\/\/saicex.org\/wp-content\/uploads\/2024\/03\/veneno-de-himenoptero.jpg\"\n\t\t\t\t\t\t alt=\"veneno de himenoptero\">\n\t\t\t\t\t\t\t\t<\/div>\n\t\t<\/div>\n\t\t<\/div>\n\n\n\t\n\t\t\t\t<\/div>\n\t\t\t\t<\/div>\n\t\t\t\t<\/div>\n\t\t\t\t\t<\/div>\n\t\t\t\t<\/div>\n\t\t\t\t<\/div>\n\t\t","protected":false},"excerpt":{"rendered":"<p>El RIESGO de sufrir picaduras aumenta en VERANO. Evitar acercarse a c\u00famulos de basura, as\u00ed como a flores, arbustos o&#8230;<\/p>\n","protected":false},"author":1,"featured_media":0,"parent":0,"menu_order":0,"comment_status":"closed","ping_status":"closed","template":"page-fullwidth.php","meta":{"footnotes":""},"class_list":["post-1641","page","type-page","status-publish"],"yoast_head":"<!-- This site is optimized with the Yoast SEO plugin v22.0 - https:\/\/yoast.com\/wordpress\/plugins\/seo\/ -->\n<title>Consejo para al\u00e9rgicos a veneno himen\u00f3pteros - Saicex<\/title>\n<meta name=\"robots\" content=\"index, follow, max-snippet:-1, max-image-preview:large, max-video-preview:-1\" \/>\n<link rel=\"canonical\" href=\"https:\/\/saicex.org\/?page_id=1641\" \/>\n<meta property=\"og:locale\" content=\"es_ES\" \/>\n<meta property=\"og:type\" content=\"article\" \/>\n<meta property=\"og:title\" content=\"Consejo para al\u00e9rgicos a veneno himen\u00f3pteros - Saicex\" \/>\n<meta property=\"og:description\" content=\"El RIESGO de sufrir picaduras aumenta en VERANO. Evitar acercarse a c\u00famulos de basura, as\u00ed como a flores, arbustos o...\" \/>\n<meta property=\"og:url\" content=\"https:\/\/saicex.org\/?page_id=1641\" \/>\n<meta property=\"og:site_name\" content=\"Saicex\" \/>\n<meta property=\"article:modified_time\" content=\"2024-03-05T12:52:52+00:00\" \/>\n<meta name=\"twitter:card\" content=\"summary_large_image\" \/>\n<meta name=\"twitter:label1\" content=\"Tiempo de lectura\" \/>\n\t<meta name=\"twitter:data1\" content=\"2 minutos\" \/>\n<script type=\"application\/ld+json\" class=\"yoast-schema-graph\">{\"@context\":\"https:\/\/schema.org\",\"@graph\":[{\"@type\":\"WebPage\",\"@id\":\"https:\/\/saicex.org\/?page_id=1641\",\"url\":\"https:\/\/saicex.org\/?page_id=1641\",\"name\":\"Consejo para al\u00e9rgicos a veneno himen\u00f3pteros - Saicex\",\"isPartOf\":{\"@id\":\"https:\/\/saicex.org\/#website\"},\"datePublished\":\"2024-03-05T12:41:42+00:00\",\"dateModified\":\"2024-03-05T12:52:52+00:00\",\"breadcrumb\":{\"@id\":\"https:\/\/saicex.org\/?page_id=1641#breadcrumb\"},\"inLanguage\":\"es\",\"potentialAction\":[{\"@type\":\"ReadAction\",\"target\":[\"https:\/\/saicex.org\/?page_id=1641\"]}]},{\"@type\":\"BreadcrumbList\",\"@id\":\"https:\/\/saicex.org\/?page_id=1641#breadcrumb\",\"itemListElement\":[{\"@type\":\"ListItem\",\"position\":1,\"name\":\"Portada\",\"item\":\"https:\/\/saicex.org\/\"},{\"@type\":\"ListItem\",\"position\":2,\"name\":\"Consejo para al\u00e9rgicos a veneno himen\u00f3pteros\"}]},{\"@type\":\"WebSite\",\"@id\":\"https:\/\/saicex.org\/#website\",\"url\":\"https:\/\/saicex.org\/\",\"name\":\"Saicex\",\"description\":\"\",\"potentialAction\":[{\"@type\":\"SearchAction\",\"target\":{\"@type\":\"EntryPoint\",\"urlTemplate\":\"https:\/\/saicex.org\/?s={search_term_string}\"},\"query-input\":\"required name=search_term_string\"}],\"inLanguage\":\"es\"}]}<\/script>\n<!-- \/ Yoast SEO plugin. -->","yoast_head_json":{"title":"Consejo para al\u00e9rgicos a veneno himen\u00f3pteros - Saicex","robots":{"index":"index","follow":"follow","max-snippet":"max-snippet:-1","max-image-preview":"max-image-preview:large","max-video-preview":"max-video-preview:-1"},"canonical":"https:\/\/saicex.org\/?page_id=1641","og_locale":"es_ES","og_type":"article","og_title":"Consejo para al\u00e9rgicos a veneno himen\u00f3pteros - Saicex","og_description":"El RIESGO de sufrir picaduras aumenta en VERANO. Evitar acercarse a c\u00famulos de basura, as\u00ed como a flores, arbustos o...","og_url":"https:\/\/saicex.org\/?page_id=1641","og_site_name":"Saicex","article_modified_time":"2024-03-05T12:52:52+00:00","twitter_card":"summary_large_image","twitter_misc":{"Tiempo de lectura":"2 minutos"},"schema":{"@context":"https:\/\/schema.org","@graph":[{"@type":"WebPage","@id":"https:\/\/saicex.org\/?page_id=1641","url":"https:\/\/saicex.org\/?page_id=1641","name":"Consejo para al\u00e9rgicos a veneno himen\u00f3pteros - Saicex","isPartOf":{"@id":"https:\/\/saicex.org\/#website"},"datePublished":"2024-03-05T12:41:42+00:00","dateModified":"2024-03-05T12:52:52+00:00","breadcrumb":{"@id":"https:\/\/saicex.org\/?page_id=1641#breadcrumb"},"inLanguage":"es","potentialAction":[{"@type":"ReadAction","target":["https:\/\/saicex.org\/?page_id=1641"]}]},{"@type":"BreadcrumbList","@id":"https:\/\/saicex.org\/?page_id=1641#breadcrumb","itemListElement":[{"@type":"ListItem","position":1,"name":"Portada","item":"https:\/\/saicex.org\/"},{"@type":"ListItem","position":2,"name":"Consejo para al\u00e9rgicos a veneno himen\u00f3pteros"}]},{"@type":"WebSite","@id":"https:\/\/saicex.org\/#website","url":"https:\/\/saicex.org\/","name":"Saicex","description":"","potentialAction":[{"@type":"SearchAction","target":{"@type":"EntryPoint","urlTemplate":"https:\/\/saicex.org\/?s={search_term_string}"},"query-input":"required name=search_term_string"}],"inLanguage":"es"}]}},"_links":{"self":[{"href":"https:\/\/saicex.org\/index.php?rest_route=\/wp\/v2\/pages\/1641","targetHints":{"allow":["GET"]}}],"collection":[{"href":"https:\/\/saicex.org\/index.php?rest_route=\/wp\/v2\/pages"}],"about":[{"href":"https:\/\/saicex.org\/index.php?rest_route=\/wp\/v2\/types\/page"}],"author":[{"embeddable":true,"href":"https:\/\/saicex.org\/index.php?rest_route=\/wp\/v2\/users\/1"}],"replies":[{"embeddable":true,"href":"https:\/\/saicex.org\/index.php?rest_route=%2Fwp%2Fv2%2Fcomments&post=1641"}],"version-history":[{"count":4,"href":"https:\/\/saicex.org\/index.php?rest_route=\/wp\/v2\/pages\/1641\/revisions"}],"predecessor-version":[{"id":1647,"href":"https:\/\/saicex.org\/index.php?rest_route=\/wp\/v2\/pages\/1641\/revisions\/1647"}],"wp:attachment":[{"href":"https:\/\/saicex.org\/index.php?rest_route=%2Fwp%2Fv2%2Fmedia&parent=1641"}],"curies":[{"name":"wp","href":"https:\/\/api.w.org\/{rel}","templated":true}]}}