{"id":1550,"date":"2024-02-27T11:34:54","date_gmt":"2024-02-27T11:34:54","guid":{"rendered":"http:\/\/saicex.org\/?page_id=1550"},"modified":"2024-02-27T12:12:17","modified_gmt":"2024-02-27T12:12:17","slug":"1550-2","status":"publish","type":"page","link":"https:\/\/saicex.org\/?page_id=1550","title":{"rendered":"La Sociedad"},"content":{"rendered":"\t\t<div data-elementor-type=\"wp-page\" data-elementor-id=\"1550\" class=\"elementor elementor-1550\">\n\t\t\t\t\t\t<section class=\"elementor-section elementor-top-section elementor-element elementor-element-f27cde2 elementor-section-boxed elementor-section-height-default elementor-section-height-default\" data-id=\"f27cde2\" data-element_type=\"section\">\r\n\t\t\t\t\t\t<div class=\"elementor-container elementor-column-gap-thegem\"><div class=\"elementor-row\">\r\n\t\t\t\t\t<div class=\"elementor-column elementor-col-100 elementor-top-column elementor-element elementor-element-ba4813d\" data-id=\"ba4813d\" data-element_type=\"column\">\n\t\t\t<div class=\"elementor-widget-wrap elementor-element-populated\">\n\t\t\t\t\t\t<section class=\"elementor-section elementor-inner-section elementor-element elementor-element-674e31d8 elementor-section-boxed elementor-section-height-default elementor-section-height-default\" data-id=\"674e31d8\" data-element_type=\"section\">\r\n\t\t\t\t\t\t<div class=\"elementor-container elementor-column-gap-thegem\"><div class=\"elementor-row\">\r\n\t\t\t\t\t<div class=\"elementor-column elementor-col-50 elementor-inner-column elementor-element elementor-element-63c8bc76\" data-id=\"63c8bc76\" data-element_type=\"column\">\n\t\t\t<div class=\"elementor-widget-wrap elementor-element-populated\">\n\t\t\t\t\t\t<div class=\"elementor-element elementor-element-765dcdae flex-horizontal-align-default flex-horizontal-align-tablet-default flex-horizontal-align-mobile-default flex-vertical-align-default flex-vertical-align-tablet-default flex-vertical-align-mobile-default elementor-widget elementor-widget-image\" data-id=\"765dcdae\" data-element_type=\"widget\" data-widget_type=\"image.default\">\n\t\t\t\t<div class=\"elementor-widget-container\">\n\t\t\t<style>\/*! elementor - v3.19.0 - 07-02-2024 *\/\n.elementor-widget-image{text-align:center}.elementor-widget-image a{display:inline-block}.elementor-widget-image a img[src$=\".svg\"]{width:48px}.elementor-widget-image img{vertical-align:middle;display:inline-block}<\/style>\t\t\t\t\t\t\t\t\t\t<img fetchpriority=\"high\" decoding=\"async\" width=\"663\" height=\"1024\" src=\"https:\/\/saicex.org\/wp-content\/uploads\/2024\/02\/La-sociedad-663x1024.jpg\" class=\"attachment-large size-large wp-image-1555\" alt=\"\" srcset=\"https:\/\/saicex.org\/wp-content\/uploads\/2024\/02\/La-sociedad-663x1024.jpg 663w, https:\/\/saicex.org\/wp-content\/uploads\/2024\/02\/La-sociedad-194x300.jpg 194w, https:\/\/saicex.org\/wp-content\/uploads\/2024\/02\/La-sociedad.jpg 767w\" sizes=\"(max-width: 663px) 100vw, 663px\" \/>\t\t\t\t\t\t\t\t\t\t\t\t\t<\/div>\n\t\t\t\t<\/div>\n\t\t\t\t\t<\/div>\n\t\t<\/div>\n\t\t\t\t<div class=\"elementor-column elementor-col-50 elementor-inner-column elementor-element elementor-element-81412c8\" data-id=\"81412c8\" data-element_type=\"column\">\n\t\t\t<div class=\"elementor-widget-wrap elementor-element-populated\">\n\t\t\t\t\t\t<div class=\"elementor-element elementor-element-4182bf41 flex-horizontal-align-default flex-horizontal-align-tablet-default flex-horizontal-align-mobile-default flex-vertical-align-default flex-vertical-align-tablet-default flex-vertical-align-mobile-default elementor-widget elementor-widget-text-editor\" data-id=\"4182bf41\" data-element_type=\"widget\" data-widget_type=\"text-editor.default\">\n\t\t\t\t<div class=\"elementor-widget-container\">\n\t\t\t<style>\/*! elementor - v3.19.0 - 07-02-2024 *\/\n.elementor-widget-text-editor.elementor-drop-cap-view-stacked .elementor-drop-cap{background-color:#69727d;color:#fff}.elementor-widget-text-editor.elementor-drop-cap-view-framed .elementor-drop-cap{color:#69727d;border:3px solid;background-color:transparent}.elementor-widget-text-editor:not(.elementor-drop-cap-view-default) .elementor-drop-cap{margin-top:8px}.elementor-widget-text-editor:not(.elementor-drop-cap-view-default) .elementor-drop-cap-letter{width:1em;height:1em}.elementor-widget-text-editor .elementor-drop-cap{float:left;text-align:center;line-height:1;font-size:50px}.elementor-widget-text-editor .elementor-drop-cap-letter{display:inline-block}<\/style>\t\t\t\t<p class=\"styled-subtitle\">La Sociedad<\/p>\t\t\t\t\t\t<\/div>\n\t\t\t\t<\/div>\n\t\t\t\t<div class=\"elementor-element elementor-element-183ec3a flex-horizontal-align-default flex-horizontal-align-tablet-default flex-horizontal-align-mobile-default flex-vertical-align-default flex-vertical-align-tablet-default flex-vertical-align-mobile-default elementor-widget elementor-widget-text-editor\" data-id=\"183ec3a\" data-element_type=\"widget\" data-widget_type=\"text-editor.default\">\n\t\t\t\t<div class=\"elementor-widget-container\">\n\t\t\t\t\t\t\t<p>Desde la <strong>Sociedad de Alergolog\u00eda e Inmunolog\u00eda Cl\u00ednica de Extremadura<\/strong> queremos darle la bienvenida a nuestra p\u00e1gina, cuyo objetivo es dar informaci\u00f3n y consejos a los pacientes al\u00e9rgicos de dentro y fuera de nuestra Comunidad y a todas las personas interesadas en la patolog\u00eda al\u00e9rgica.<br \/>Disponemos de unas secciones dedicadas a explicar las principales enfermedades al\u00e9rgicas aportando la informaci\u00f3n b\u00e1sica de cada una de ellas con un lenguaje sencillo y lo m\u00e1s did\u00e1ctico posible. Otras secciones son de consejos para al\u00e9rgicos, que se acompa\u00f1an de ilustraciones sobre cada patalog\u00eda.<\/p><p>Tambi\u00e9n es posible acceder a los datos de los recuentos pol\u00ednicos de toda Espa\u00f1a a trav\u00e9s de los captadores de la red de la SEAIC y de otras redes de Extremadura.<\/p><p>Tenemos la intenci\u00f3n de ser una p\u00e1gina din\u00e1mica a trav\u00e9s de la secci\u00f3n de noticias y mostrar todas las actividades que desarrolla la SAICEX en promoci\u00f3n y divulgaci\u00f3n de las enfermedades al\u00e9rgicas.<\/p><p>Agradeceros en nombre de la Sociedad la confianza depositada en nosotros a trav\u00e9s de sus visitas.<\/p><p><a href=\"http:\/\/saicex.org\/wp-content\/uploads\/2024\/02\/estatutos-SAICEx.pdf\">Estatutos (Ver\/Descargar PDF)<\/a><\/p><p>Nuestra sociedad celebra todos los a\u00f1os nuestra reuni\u00f3n anual donde en jornada de viernes y s\u00e1bado desarrolla un programa cient\u00edfico de alto nivel cient\u00edfico.<\/p><p>Dentro del plan de desarrollo y divulgaci\u00f3n de nuestra especialidad desde hace dos a\u00f1os se celebran foros orientados a atenci\u00f3n primaria y pediatr\u00eda en diferentes \u00e1reas de salud as\u00ed como dentro de las Escuelas de la Salud.<\/p>\t\t\t\t\t\t<\/div>\n\t\t\t\t<\/div>\n\t\t\t\t\t<\/div>\n\t\t<\/div>\n\t\t\t\t\t<\/div><\/div>\r\n\t\t<\/section>\r\n\t\t\t\t\t<\/div>\n\t\t<\/div>\n\t\t\t\t\t<\/div><\/div>\r\n\t\t<\/section>\r\n\t\t\t\t<\/div>\n\t\t","protected":false},"excerpt":{"rendered":"<p>La Sociedad Desde la Sociedad de Alergolog\u00eda e Inmunolog\u00eda Cl\u00ednica de Extremadura queremos darle la bienvenida a nuestra p\u00e1gina, cuyo&#8230;<\/p>\n","protected":false},"author":1,"featured_media":1504,"parent":0,"menu_order":0,"comment_status":"closed","ping_status":"closed","template":"","meta":{"footnotes":""},"class_list":["post-1550","page","type-page","status-publish","has-post-thumbnail"],"yoast_head":"<!-- This site is optimized with the Yoast SEO plugin v22.0 - https:\/\/yoast.com\/wordpress\/plugins\/seo\/ -->\n<title>La Sociedad - Saicex<\/title>\n<meta name=\"robots\" content=\"index, follow, max-snippet:-1, max-image-preview:large, max-video-preview:-1\" \/>\n<link rel=\"canonical\" href=\"https:\/\/saicex.org\/?page_id=1550\" \/>\n<meta property=\"og:locale\" content=\"es_ES\" \/>\n<meta property=\"og:type\" content=\"article\" \/>\n<meta property=\"og:title\" content=\"La Sociedad - Saicex\" \/>\n<meta property=\"og:description\" content=\"La Sociedad Desde la Sociedad de Alergolog\u00eda e Inmunolog\u00eda Cl\u00ednica de Extremadura queremos darle la bienvenida a nuestra p\u00e1gina, cuyo...\" \/>\n<meta property=\"og:url\" content=\"https:\/\/saicex.org\/?page_id=1550\" \/>\n<meta property=\"og:site_name\" content=\"Saicex\" \/>\n<meta property=\"article:modified_time\" content=\"2024-02-27T12:12:17+00:00\" \/>\n<meta property=\"og:image\" content=\"https:\/\/saicex.org\/wp-content\/uploads\/2024\/02\/alimentos.jpg\" \/>\n\t<meta property=\"og:image:width\" content=\"771\" \/>\n\t<meta property=\"og:image:height\" content=\"500\" \/>\n\t<meta property=\"og:image:type\" content=\"image\/jpeg\" \/>\n<meta name=\"twitter:card\" content=\"summary_large_image\" \/>\n<meta name=\"twitter:label1\" content=\"Tiempo de lectura\" \/>\n\t<meta name=\"twitter:data1\" content=\"1 minuto\" \/>\n<script type=\"application\/ld+json\" class=\"yoast-schema-graph\">{\"@context\":\"https:\/\/schema.org\",\"@graph\":[{\"@type\":\"WebPage\",\"@id\":\"https:\/\/saicex.org\/?page_id=1550\",\"url\":\"https:\/\/saicex.org\/?page_id=1550\",\"name\":\"La Sociedad - Saicex\",\"isPartOf\":{\"@id\":\"https:\/\/saicex.org\/#website\"},\"datePublished\":\"2024-02-27T11:34:54+00:00\",\"dateModified\":\"2024-02-27T12:12:17+00:00\",\"breadcrumb\":{\"@id\":\"https:\/\/saicex.org\/?page_id=1550#breadcrumb\"},\"inLanguage\":\"es\",\"potentialAction\":[{\"@type\":\"ReadAction\",\"target\":[\"https:\/\/saicex.org\/?page_id=1550\"]}]},{\"@type\":\"BreadcrumbList\",\"@id\":\"https:\/\/saicex.org\/?page_id=1550#breadcrumb\",\"itemListElement\":[{\"@type\":\"ListItem\",\"position\":1,\"name\":\"Portada\",\"item\":\"https:\/\/saicex.org\/\"},{\"@type\":\"ListItem\",\"position\":2,\"name\":\"La Sociedad\"}]},{\"@type\":\"WebSite\",\"@id\":\"https:\/\/saicex.org\/#website\",\"url\":\"https:\/\/saicex.org\/\",\"name\":\"Saicex\",\"description\":\"\",\"potentialAction\":[{\"@type\":\"SearchAction\",\"target\":{\"@type\":\"EntryPoint\",\"urlTemplate\":\"https:\/\/saicex.org\/?s={search_term_string}\"},\"query-input\":\"required name=search_term_string\"}],\"inLanguage\":\"es\"}]}<\/script>\n<!-- \/ Yoast SEO plugin. -->","yoast_head_json":{"title":"La Sociedad - Saicex","robots":{"index":"index","follow":"follow","max-snippet":"max-snippet:-1","max-image-preview":"max-image-preview:large","max-video-preview":"max-video-preview:-1"},"canonical":"https:\/\/saicex.org\/?page_id=1550","og_locale":"es_ES","og_type":"article","og_title":"La Sociedad - Saicex","og_description":"La Sociedad Desde la Sociedad de Alergolog\u00eda e Inmunolog\u00eda Cl\u00ednica de Extremadura queremos darle la bienvenida a nuestra p\u00e1gina, cuyo...","og_url":"https:\/\/saicex.org\/?page_id=1550","og_site_name":"Saicex","article_modified_time":"2024-02-27T12:12:17+00:00","og_image":[{"width":771,"height":500,"url":"https:\/\/saicex.org\/wp-content\/uploads\/2024\/02\/alimentos.jpg","type":"image\/jpeg"}],"twitter_card":"summary_large_image","twitter_misc":{"Tiempo de lectura":"1 minuto"},"schema":{"@context":"https:\/\/schema.org","@graph":[{"@type":"WebPage","@id":"https:\/\/saicex.org\/?page_id=1550","url":"https:\/\/saicex.org\/?page_id=1550","name":"La Sociedad - Saicex","isPartOf":{"@id":"https:\/\/saicex.org\/#website"},"datePublished":"2024-02-27T11:34:54+00:00","dateModified":"2024-02-27T12:12:17+00:00","breadcrumb":{"@id":"https:\/\/saicex.org\/?page_id=1550#breadcrumb"},"inLanguage":"es","potentialAction":[{"@type":"ReadAction","target":["https:\/\/saicex.org\/?page_id=1550"]}]},{"@type":"BreadcrumbList","@id":"https:\/\/saicex.org\/?page_id=1550#breadcrumb","itemListElement":[{"@type":"ListItem","position":1,"name":"Portada","item":"https:\/\/saicex.org\/"},{"@type":"ListItem","position":2,"name":"La Sociedad"}]},{"@type":"WebSite","@id":"https:\/\/saicex.org\/#website","url":"https:\/\/saicex.org\/","name":"Saicex","description":"","potentialAction":[{"@type":"SearchAction","target":{"@type":"EntryPoint","urlTemplate":"https:\/\/saicex.org\/?s={search_term_string}"},"query-input":"required name=search_term_string"}],"inLanguage":"es"}]}},"_links":{"self":[{"href":"https:\/\/saicex.org\/index.php?rest_route=\/wp\/v2\/pages\/1550","targetHints":{"allow":["GET"]}}],"collection":[{"href":"https:\/\/saicex.org\/index.php?rest_route=\/wp\/v2\/pages"}],"about":[{"href":"https:\/\/saicex.org\/index.php?rest_route=\/wp\/v2\/types\/page"}],"author":[{"embeddable":true,"href":"https:\/\/saicex.org\/index.php?rest_route=\/wp\/v2\/users\/1"}],"replies":[{"embeddable":true,"href":"https:\/\/saicex.org\/index.php?rest_route=%2Fwp%2Fv2%2Fcomments&post=1550"}],"version-history":[{"count":7,"href":"https:\/\/saicex.org\/index.php?rest_route=\/wp\/v2\/pages\/1550\/revisions"}],"predecessor-version":[{"id":1563,"href":"https:\/\/saicex.org\/index.php?rest_route=\/wp\/v2\/pages\/1550\/revisions\/1563"}],"wp:featuredmedia":[{"embeddable":true,"href":"https:\/\/saicex.org\/index.php?rest_route=\/wp\/v2\/media\/1504"}],"wp:attachment":[{"href":"https:\/\/saicex.org\/index.php?rest_route=%2Fwp%2Fv2%2Fmedia&parent=1550"}],"curies":[{"name":"wp","href":"https:\/\/api.w.org\/{rel}","templated":true}]}}